= -50*b - 1463. What is i(-29)?
-13
Let i(y) = -6*y**2 - 114*y + 94. Calculate i(-20).
-26
Let u(q) = -q**3 - 2*q**2 + 54*q + 22. Calculate u(7).
-41
Let j(g) = -4*g**2 - 152*g - 274. What is j(-36)?
14
Let s(g) = 183*g + 2374. What is s(-13)?
-5
Let u(j) = 4*j**2 + 65*j - 71. Calculate u(-16).
-87
Let l(y) = -2*y**3 + 49*y**2 - 73*y - 26. Determine l(23).
-118
Let o(g) = 6*g - 20. Give o(2).
-8
Let g(w) = 2263*w**2 - 36208*w. What is g(16)?
0
Let c(h) = -h**3 + 9*h**2 - 67*h + 507. Determine c(8).
35
Let o(v) = -3*v**2 - 206*v - 3149. Determine o(-23).
2
Let m(g) = g**3 + 29*g**2 - 21*g - 2565. What is m(-26)?
9
Let y(v) = -14*v - 2. Calculate y(10).
-142
Let t(a) = -5*a**2 - 131*a + 46. Give t(-25).
196
Let i(w) = -w**2 + 2516*w - 15064. What is i(6)?
-4
Let z(o) = 58*o + 154. Determine z(-7).
-252
Let k(m) = -1021*m + 7140. Calculate k(7).
-7
Let a(j) = -107*j**2 + 645*j - 11. Give a(6).
7
Let g(y) = 35*y**2 + 734*y - 2. Determine g(-21).
19
Let i(n) = -n**3 + 17*n**2 + 16*n + 56. Calculate i(18).
20
Let s(h) = 40*h**2 + 319*h + 76. Give s(-8).
84
Let m(d) = -16*d**3 + 8*d**2 + 6*d - 17. Calculate m(2).
-101
Let x(d) = 23*d**3 - 276*d**2 - 12*d - 10. Determine x(12).
-154
Let y(t) = 165*t + 9. Calculate y(0).
9
Let y(n) = -164*n + 1023. Calculate y(6).
39
Let w(i) = -8*i**2 - 17*i + 80. Determine w(4).
-116
Let o(m) = 3602*m - 39620. Give o(11).
2
Let l(p) = -p**3 + 22*p**2 + 4*p - 858. Calculate l(20).
22
Let h(r) = -870*r - 77. Give h(1).
-947
Let f(h) = -6*h - 1. Give f(4).
-25
Let v(p) = -9596*p + 9584. What is v(1)?
-12
Let h(g) = g**3 - 41*g**2 + 4*g - 91. Determine h(41).
73
Let q(h) = -h**3 - 20*h**2 - 88*h + 64. Determine q(-9).
-35
Let u(c) = 2*c**3 - 2*c**2 + 23*c + 50. Determine u(-2).
-20
Let b(p) = 25*p + 1298. Calculate b(-52).
-2
Let z(d) = d**3 + 29*d**2 - 53*d - 689. What is z(-30)?
1
Let a(w) = -464*w - 6054. Calculate a(-13).
-22
Let k(z) = 43*z + 1760. Calculate k(-41).
-3
Let o(q) = -117*q + 599. What is o(5)?
14
Let b(r) = -23*r - 994. Calculate b(-43).
-5
Let i(f) = f**2 - 280*f - 563. What is i(-2)?
1
Let n(a) = 45*a + 389. What is n(-11)?
-106
Let y(o) = o**3 + 11*o**2 - 56*o - 3. What is y(-15)?
-63
Let l(v) = -v**3 - 83*v**2 + 22*v - 5212. Give l(-84).
-4
Let t(i) = 3*i**3 - 53*i**2 + 137*i - 256. What is t(15)?
-1
Let x(c) = -84*c**2 + 27*c - 45. Give x(2).
-327
Let m(i) = 40*i**2 - 7*i - 3. Determine m(-2).
171
Let j(x) = -5*x**2 - 40*x - 56. Give j(-5).
19
Let p(r) = 11*r**2 - 96*r + 213. Give p(5).
8
Let t(b) = -2*b**3 + 109*b**2 - 676*b + 75. Calculate t(7).
-2
Let u(r) = r**3 + 10*r**2 + 53*r + 912. Calculate u(-12).
-12
Let u(f) = -f**3 - 40*f**2 + 179*f + 2. What is u(-44)?
-130
Let q(s) = -4*s**2 + 186*s + 586. Determine q(-3).
-8
Let u(d) = -456*d - 13229. What is u(-29)?
-5
Let v(d) = -d**3 + 35*d**2 + 79*d + 37. Calculate v(37).
222
Let b(q) = -q**3 + 4*q**2 - q + 3. What is b(3)?
9
Let u(m) = 1813*m - 23584. Give u(13).
-15
Let i(y) = -3*y**2 + 101*y - 385. Calculate i(4).
-29
Let c(z) = 289*z - 2023. What is c(7)?
0
Let p(l) = -45*l**2 - 425*l + 845. Determine p(2).
-185
Let v(k) = k**3 + 5*k**2 + 3*k - 27. Give v(-8).
-243
Let x(a) = -128*a**2 - 2*a. What is x(1)?
-130
Let w(c) = -23*c**2 + 120*c - 2. What is w(5)?
23
Let o(x) = 23*x**2 - 714*x + 12. Determine o(31).
-19
Let q(o) = 2570*o - 20539. What is q(8)?
21
Let n(l) = -l**3 + 66*l**2 + 69*l - 128. Determine n(67).
6
Let t(r) = -2*r**2 + 60*r - 489. Calculate t(15).
-39
Let t(o) = o**3 - 39*o**2 + 169*o + 25. Determine t(34).
-9
Let r(s) = s**2 - 16*s + 36. Calculate r(22).
168
Let z(c) = -c**3 - 37*c**2 - 307*c - 84. Determine z(-12).
0
Let j(c) = -15*c**2 - 71*c - 60. Determine j(-1).
-4
Let s(t) = t**2 - 35*t + 293. Determine s(15).
-7
Let z(t) = -t**3 + 62*t**2 + 72*t - 32. Give z(63).
535
Let a(d) = 1217*d + 3660. What is a(-3)?
9
Let q(l) = l**3 - 2*l**2 - 4. Calculate q(6).
140
Let z(w) = 7*w**2 + 56*w + 16. Calculate z(-7).
-33
Let n(q) = 214*q**3 - q**2 - 4*q - 4. Give n(-1).
-215
Let a(z) = 8*z**2 - 71*z - 99. Determine a(10).
-9
Let a(i) = 2*i**2 - 104*i + 205. What is a(2)?
5
Let t(s) = -19*s + 185. Calculate t(10).
-5
Let q(o) = 5*o**2 + 406*o + 476. Determine q(-80).
-4
Let s(o) = -o**2 + 6*o + 532. What is s(26)?
12
Let z(n) = -33*n - 275. Determine z(-15).
220
Let h(o) = -325*o - 615. Determine h(-4).
685
Let q(a) = -2*a**3 + 19*a**2 - 46*a + 42. What is q(6)?
18
Let b(w) = 6*w + 108. What is b(5)?
138
Let w(r) = 413*r - 7792. What is w(19)?
55
Let w(m) = -m**3 + 14*m**2 - 85*m + 1179. Calculate w(14).
-11
Let w(o) = 3*o**3 - 31*o**2 - 57*o - 36. Give w(12).
0
Let l(u) = 333*u + 325. Determine l(-1).
-8
Let t(o) = -o**3 - 96*o**2 + 294*o - 8. What is t(3)?
-17
Let f(u) = 2*u**2 - 79*u - 129. Give f(36).
-381
Let m(i) = -30*i**2 - 198*i + 585. What is m(3)?
-279
Let z(n) = n**3 - 52*n**2 + 4*n - 20. What is z(52)?
188
Let l(q) = -6*q**2 - 114*q - 423. Determine l(-4).
-63
Let b(i) = 107*i - 754. Calculate b(7).
-5
Let l(o) = o**2 - 86*o - 66. Determine l(0).
-66
Let u(b) = 7555*b + 7544. What is u(-1)?
-11
Let z(g) = -g**3 + 16*g**2 + 114*g - 7. Determine z(22).
-403
Let x(q) = -9*q - 43. Calculate x(-8).
29
Let x(a) = -2*a**3 + 29*a**2 + 21*a - 95. Calculate x(15).
-5
Let a(k) = 2*k**3 - 71*k**2 + 39*k - 163. What is a(35)?
-23
Let u(f) = -213*f + 27. What is u(3)?
-612
Let l(w) = 5*w**2 - 541*w + 1683. Give l(105).
3
Let t(b) = -b**2 - 115*b - 2483. Give t(-29).
11
Let u(g) = 5*g**3 - 310*g**2 + 2*g - 136. Calculate u(62).
-12
Let y(w) = 3*w**2 + 30*w - 3. Calculate y(-1).
-30
Let x(i) = -i**3 - 41*i**2 + 84*i - 72. Give x(-43).
14
Let j(q) = 15*q**2 + 377*q + 37. Give j(-25).
-13
Let g(d) = 19*d**2 + 29*d + 16. Give g(-2).
34
Let d(q) = -68*q + 2057. What is d(31)?
-51
Let v(q) = q**2 + 101*q + 2524. What is v(-57)?
16
Let i(v) = -42*v + 211. What is i(6)?
-41
Let x(n) = -60*n - 130. What is x(-8)?
350
Let m(j) = -341*j + 33758. Determine m(99).
-1
Let s(i) = i**2 - 20*i - 977. Calculate s(-18).
-293
Let a(c) = 36*c**2 - 14*c + 1. Determine a(2).
117
Let v(a) = 20*a + 88. Determine v(-7).
-52
Let f(t) = -t**3 - 22*t**2 + 24*t - 53. Calculate f(-23).
-76
Let r(t) = 4*t**2 - 103*t + 664. Calculate r(15).
19
Let p(v) = -v**3 - 51*v**2 + 278*v - 4. What is p(5)?
-14
Let x(g) = -22*g - 54. Calculate x(14).
-362
Let c(f) = -7*f + 11. Determine c(5).
-24
Let y(h) = -h**3 - 21*h**2 + 45*h - 89. Calculate y(-23).
-66
Let n(o) = o**3 - 11*o**2 + 47*o - 141. Determine n(7).
-8
Let s(y) = -y**3 - 55*y**2 - 686*y - 71. What is s(-36)?
1
Let t(o) = -8*o - 76. Give t(-11).
12
Let x(l) = 141*l - 16365. What is x(116)?
-9
Let q(a) = -a**3 + a**2 - 4*a - 6. Determine q(-2).
14
Let c(p) = -p**2 + 105*p + 2363. What is c(-19)?
7
Let b(n) = -n**2 - 24*n - 157. Calculate b(-9).
-22
Let u(v) = -109*v**3 - 222*v**2 - 2*v - 3. Give u(-2).
-15
Let s(q) = -q**2 + 4010*q + 24080. Give s(-6).
-16
Let z(q) = 3*q**2 + 137*q + 121. Calculate z(-45).
31
Let f(z) = -11*z**2 + 162*z + 53. What is f(15)?
8
Let b(h) = -30*h**2 - 538*h + 26. What is b(-18)?
-10
Let v(t) = -29*t - 266. Calculate v(-14).
140
Let k(i) = -i**3 - 71*i**2 - 331*i + 52. Give k(-66).
118
Let b(r) = 2*r**2 + 14*r + 110. Determine b(-6).
98
Let v(q) = -7*q**2 + 245*q + 15. What is v(35)?
15
Let h(k) = -31*k + 45. Give h(-8).
293
Let t(h) = -74*h + 317. What is t(4)?
21
Let r(y) = -y**3 - 5*y**2 + 21*y + 32. What is r(-7)?
-17
Let c(h) = 15*h - 429. Determine c(29).
6
Let l(q) = -106*q + 686. What is l(7)?
-56
Let f(z) = 49*z + 1916. Give f(-41).
-93
Let z(g) = g**3 + 22*g**2 + 23*g + 57. Give z(-21).
15
Let v(k) = 43*k - 18229. Determine v(424).
3
Let b(h) = 4*h**2 - 108*h + 591. What is b(22)?
151
Let z(y) = -688*y + 4142. Determine z(6).
14
Let m(x) = -1476*x - 8854. Give m(-6).
2
Let s(r) = r**2 + 227*r - 4664. Calculate s(-246).
10
Let y(n) = 2*n**2 + 40*n - 255. Give y(-26).
57
Let w(c) = -3*c**2 + 49*c - 3. Calculate w(16).
13
Let q(w) = -71*w - 360. Give q(-6).
66
Let w(l) = 16*l**2 - 69*l + 18. Calculate w(4).
-2
Let t(v) = 4*v**2 + 252*v - 7. Determine t(-63).
-7
Let k(t) = -17*t - 21. Calculate k(-6).
81
Let c(q) = q**3 + 2*q**2 + 10*q - 7. Give c(-5).
-132
Let s(t) = 276*t**2 - 825*t - 7. Determine s(3).
2
Let r(g) = -15*g + 9. What is r(-1)?
24
Let x(f) = f**2 - 8612*f + 